{"id":2699,"date":"2025-02-24T09:49:57","date_gmt":"2025-02-24T12:49:57","guid":{"rendered":"https:\/\/alienacionparental.com.ar\/?page_id=2699"},"modified":"2025-02-24T09:56:22","modified_gmt":"2025-02-24T12:56:22","slug":"que-es-la-alienacion-parental","status":"publish","type":"page","link":"https:\/\/alienacionparental.com.ar\/pt\/que-es-la-alienacion-parental\/","title":{"rendered":"O que \u00e9 aliena\u00e7\u00e3o parental?"},"content":{"rendered":"<div data-elementor-type=\"wp-page\" data-elementor-id=\"2699\" class=\"elementor elementor-2699\" data-elementor-post-type=\"page\">\n\t\t\t\t<div class=\"elementor-element elementor-element-f4ba3eb e-con-full e-flex e-con e-parent\" data-id=\"f4ba3eb\" data-element_type=\"container\" data-e-type=\"container\" id=\"top\" data-settings=\"{&quot;background_background&quot;:&quot;classic&quot;,&quot;background_motion_fx_motion_fx_scrolling&quot;:&quot;yes&quot;,&quot;background_motion_fx_translateY_effect&quot;:&quot;yes&quot;,&quot;background_motion_fx_translateY_speed&quot;:{&quot;unit&quot;:&quot;px&quot;,&quot;size&quot;:5.6,&quot;sizes&quot;:[]},&quot;background_motion_fx_translateY_affectedRange&quot;:{&quot;unit&quot;:&quot;%&quot;,&quot;size&quot;:&quot;&quot;,&quot;sizes&quot;:{&quot;start&quot;:0,&quot;end&quot;:53}},&quot;background_motion_fx_devices&quot;:[&quot;desktop&quot;,&quot;tablet&quot;,&quot;mobile&quot;]}\">\n\t\t<div class=\"elementor-element elementor-element-468b82b1 e-con-full e-flex e-con e-child\" data-id=\"468b82b1\" data-element_type=\"container\" data-e-type=\"container\" data-settings=\"{&quot;background_background&quot;:&quot;gradient&quot;,&quot;position&quot;:&quot;absolute&quot;}\">\n\t\t\t\t<\/div>\n\t\t<div class=\"elementor-element elementor-element-67d2603c e-flex e-con-boxed e-con e-child\" data-id=\"67d2603c\" data-element_type=\"container\" data-e-type=\"container\">\n\t\t\t\t\t<div class=\"e-con-inner\">\n\t\t\t\t<div class=\"elementor-element elementor-element-40a58b56 elementor-widget__width-initial animated-slow elementor-invisible elementor-widget elementor-widget-text-editor\" data-id=\"40a58b56\" data-element_type=\"widget\" data-e-type=\"widget\" data-settings=\"{&quot;_animation&quot;:&quot;fadeIn&quot;}\" data-widget_type=\"text-editor.default\">\n\t\t\t\t<div class=\"elementor-widget-container\">\n\t\t\t\t\t\t\t\t\t<p>O que \u00e9 aliena\u00e7\u00e3o parental?<\/p>\t\t\t\t\t\t\t\t<\/div>\n\t\t\t\t<\/div>\n\t\t\t\t\t<\/div>\n\t\t\t\t<\/div>\n\t\t\t\t<\/div>\n\t\t<div class=\"elementor-element elementor-element-477cfce3 e-flex e-con-boxed e-con e-parent\" data-id=\"477cfce3\" data-element_type=\"container\" data-e-type=\"container\" data-settings=\"{&quot;background_background&quot;:&quot;classic&quot;}\">\n\t\t\t\t\t<div class=\"e-con-inner\">\n\t\t\t\t<div class=\"elementor-element elementor-element-e2620c0 elementor-widget__width-auto elementor-invisible elementor-widget elementor-widget-text-editor\" data-id=\"e2620c0\" data-element_type=\"widget\" data-e-type=\"widget\" data-settings=\"{&quot;_animation&quot;:&quot;fadeIn&quot;}\" data-widget_type=\"text-editor.default\">\n\t\t\t\t<div class=\"elementor-widget-container\">\n\t\t\t\t\t\t\t\t\t<p>O que \u00e9 Aliena\u00e7\u00e4o Parental<\/p>\t\t\t\t\t\t\t\t<\/div>\n\t\t\t\t<\/div>\n\t\t\t\t<div class=\"elementor-element elementor-element-357162ec elementor-invisible elementor-widget elementor-widget-text-editor\" data-id=\"357162ec\" data-element_type=\"widget\" data-e-type=\"widget\" data-settings=\"{&quot;_animation&quot;:&quot;fadeIn&quot;}\" data-widget_type=\"text-editor.default\">\n\t\t\t\t<div class=\"elementor-widget-container\">\n\t\t\t\t\t\t\t\t\t<p>No CEAP pretendemos sensibilizar para um fen\u00f3meno pouco conhecido da popula\u00e7\u00e3o em geral, que ocorre no contexto de conflitos familiares que envolvem a guarda dos filhos, denominado aliena\u00e7\u00e3o parental. <strong>aliena\u00e7\u00e3o parental<\/strong>.<\/p><p>\u00c9 uma disfun\u00e7\u00e3o familiar que se caracteriza pela tentativa de um dos pais interromper o v\u00ednculo entre um filho e o outro genitor, utilizando diversas estrat\u00e9gias. Estas incluem a coloniza\u00e7\u00e3o ps\u00edquica da crian\u00e7a para desacreditar a imagem do pai ou da m\u00e3e que tentam excluir, atrav\u00e9s de t\u00e1ticas como:<\/p><ul><li>A implanta\u00e7\u00e3o de mem\u00f3rias falsas ou distorcidas.<\/li><li>A indu\u00e7\u00e3o de medos.<\/li><li>Promover sentimentos negativos injustificados em rela\u00e7\u00e3o ao outro progenitor.<\/li><\/ul>\t\t\t\t\t\t\t\t<\/div>\n\t\t\t\t<\/div>\n\t\t\t\t<div class=\"elementor-element elementor-element-e5d6fd8 elementor-widget__width-auto elementor-invisible elementor-widget elementor-widget-text-editor\" data-id=\"e5d6fd8\" data-element_type=\"widget\" data-e-type=\"widget\" data-settings=\"{&quot;_animation&quot;:&quot;fadeIn&quot;}\" data-widget_type=\"text-editor.default\">\n\t\t\t\t<div class=\"elementor-widget-container\">\n\t\t\t\t\t\t\t\t\tImpacto na crian\u00e7a e na fam\u00edlia\t\t\t\t\t\t\t\t<\/div>\n\t\t\t\t<\/div>\n\t\t\t\t<div class=\"elementor-element elementor-element-476375a elementor-invisible elementor-widget elementor-widget-text-editor\" data-id=\"476375a\" data-element_type=\"widget\" data-e-type=\"widget\" data-settings=\"{&quot;_animation&quot;:&quot;fadeIn&quot;}\" data-widget_type=\"text-editor.default\">\n\t\t\t\t<div class=\"elementor-widget-container\">\n\t\t\t\t\t\t\t\t\t<p class=\"translation-block\">Esta situa\u00e7\u00e3o tem consequ\u00eancias graves, n\u00e3o s\u00f3 para o progenitor que \u00e9 exclu\u00eddo, mas especialmente para a crian\u00e7a, que sofre profundos danos emocionais. A ci\u00eancia tem demonstrado que menores v\u00edtimas de aliena\u00e7\u00e3o parental desenvolvem <strong>graves transtornos de personalidade<\/strong> que os acompanham ao longo da vida adulta.<\/p>\t\t\t\t\t\t\t\t<\/div>\n\t\t\t\t<\/div>\n\t\t\t\t<div class=\"elementor-element elementor-element-8283b98 elementor-widget__width-auto elementor-invisible elementor-widget elementor-widget-text-editor\" data-id=\"8283b98\" data-element_type=\"widget\" data-e-type=\"widget\" data-settings=\"{&quot;_animation&quot;:&quot;fadeIn&quot;}\" data-widget_type=\"text-editor.default\">\n\t\t\t\t<div class=\"elementor-widget-container\">\n\t\t\t\t\t\t\t\t\t<p>O papel da justi\u00e7a<\/p>\t\t\t\t\t\t\t\t<\/div>\n\t\t\t\t<\/div>\n\t\t\t\t<div class=\"elementor-element elementor-element-a525377 elementor-invisible elementor-widget elementor-widget-text-editor\" data-id=\"a525377\" data-element_type=\"widget\" data-e-type=\"widget\" data-settings=\"{&quot;_animation&quot;:&quot;fadeIn&quot;}\" data-widget_type=\"text-editor.default\">\n\t\t\t\t<div class=\"elementor-widget-container\">\n\t\t\t\t\t\t\t\t\t<p>Muitas vezes, a m\u00e1 aplica\u00e7\u00e3o das leis contra a viol\u00eancia familiar e de g\u00e9nero pode facilitar estas rupturas injustificadas do v\u00ednculo entre pais e filhos. Isto, ao inv\u00e9s de proteger a fam\u00edlia, pode agravar a situa\u00e7\u00e3o, consolidando um processo de aliena\u00e7\u00e3o.<\/p>\t\t\t\t\t\t\t\t<\/div>\n\t\t\t\t<\/div>\n\t\t\t\t<div class=\"elementor-element elementor-element-4257dfc elementor-widget__width-auto elementor-invisible elementor-widget elementor-widget-text-editor\" data-id=\"4257dfc\" data-element_type=\"widget\" data-e-type=\"widget\" data-settings=\"{&quot;_animation&quot;:&quot;fadeIn&quot;}\" data-widget_type=\"text-editor.default\">\n\t\t\t\t<div class=\"elementor-widget-container\">\n\t\t\t\t\t\t\t\t\t<p>Aliena\u00e7\u00e3o, diversidade de ideias e prote\u00e7\u00e3o das crian\u00e7as<\/p>\t\t\t\t\t\t\t\t<\/div>\n\t\t\t\t<\/div>\n\t\t\t\t<div class=\"elementor-element elementor-element-ea8bfee elementor-invisible elementor-widget elementor-widget-text-editor\" data-id=\"ea8bfee\" data-element_type=\"widget\" data-e-type=\"widget\" data-settings=\"{&quot;_animation&quot;:&quot;fadeIn&quot;}\" data-widget_type=\"text-editor.default\">\n\t\t\t\t<div class=\"elementor-widget-container\">\n\t\t\t\t\t\t\t\t\t<p class=\"translation-block\">No <strong>CEAP<\/strong> promovemos a divulga\u00e7\u00e3o da aliena\u00e7\u00e3o parental e incentivamos um <strong>debate plural e enriquecedor<\/strong> que inclua todas as vozes, mesmo aquelas que questionam a sua base cient\u00edfica ou negam a sua exist\u00eancia.<\/p><p class=\"translation-block\">Al\u00e9m da profunda dor vivida pelos pais que s\u00e3o impedidos de exercer o seu papel, a ci\u00eancia tem demonstrado que as crian\u00e7as, v\u00edtimas passivas de <strong>comportamentos alienantes<\/strong>, desenvolvem <strong>graves transtornos de personalidade<\/strong> que persistem ao longo da vida adulta.<\/p><p class=\"translation-block\">Estamos convencidos de que a aquisi\u00e7\u00e3o de consci\u00eancia social sobre a gravidade do problema \u00e9 um passo fundamental que n\u00e3o s\u00f3 ajudar\u00e1 a <strong>erradicar as pr\u00e1ticas alienantes<\/strong>, mas tamb\u00e9m fortalecer\u00e1 o sistema de <strong>prote\u00e7\u00e3o contra a viol\u00eancia familiar<\/strong>, proporcionando um s\u00f3lido quadro de prote\u00e7\u00e3o \u00e0s crian\u00e7as v\u00edtimas. de qualquer forma de abuso.<\/p><p>Assumimos o dever de proteger as crian\u00e7as, legitimando den\u00fancias reais e combatendo den\u00fancias falsas para evitar mal-entendidos que favore\u00e7am a impunidade dos abusadores.<\/p>\t\t\t\t\t\t\t\t<\/div>\n\t\t\t\t<\/div>\n\t\t\t\t\t<\/div>\n\t\t\t\t<\/div>\n\t\t\t\t<\/div>","protected":false},"excerpt":{"rendered":"<p>O que \u00e9 Aliena\u00e7\u00e3o Parental? O que \u00e9 Aliena\u00e7\u00e3o Parental? No CEAP, temos o objetivo de conscientizar a popula\u00e7\u00e3o em geral sobre um fen\u00f4meno pouco conhecido, que ocorre no contexto de conflitos familiares envolvendo a guarda dos filhos, chamado aliena\u00e7\u00e3o parental. Trata-se de uma disfun\u00e7\u00e3o familiar que se caracteriza por [...]<\/p>","protected":false},"author":3,"featured_media":0,"parent":0,"menu_order":0,"comment_status":"closed","ping_status":"closed","template":"","meta":{"footnotes":""},"class_list":["post-2699","page","type-page","status-publish","hentry"],"_links":{"self":[{"href":"https:\/\/alienacionparental.com.ar\/pt\/wp-json\/wp\/v2\/pages\/2699","targetHints":{"allow":["GET"]}}],"collection":[{"href":"https:\/\/alienacionparental.com.ar\/pt\/wp-json\/wp\/v2\/pages"}],"about":[{"href":"https:\/\/alienacionparental.com.ar\/pt\/wp-json\/wp\/v2\/types\/page"}],"author":[{"embeddable":true,"href":"https:\/\/alienacionparental.com.ar\/pt\/wp-json\/wp\/v2\/users\/3"}],"replies":[{"embeddable":true,"href":"https:\/\/alienacionparental.com.ar\/pt\/wp-json\/wp\/v2\/comments?post=2699"}],"version-history":[{"count":4,"href":"https:\/\/alienacionparental.com.ar\/pt\/wp-json\/wp\/v2\/pages\/2699\/revisions"}],"predecessor-version":[{"id":2703,"href":"https:\/\/alienacionparental.com.ar\/pt\/wp-json\/wp\/v2\/pages\/2699\/revisions\/2703"}],"wp:attachment":[{"href":"https:\/\/alienacionparental.com.ar\/pt\/wp-json\/wp\/v2\/media?parent=2699"}],"curies":[{"name":"wp","href":"https:\/\/api.w.org\/{rel}","templated":true}]}}

O que é alienação parental?

<div data-elementor-type="wp-page" data-elementor-id="2699" class="elementor elementor-2699" data-elementor-post-type="page">
				<div class="elementor-element elementor-element-f4ba3eb e-con-full e-flex e-con e-parent" data-id="f4ba3eb" data-element_type="container" data-e-type="container" id="top" data-settings="{&quot;background_background&quot;:&quot;classic&quot;,&quot;background_motion_fx_motion_fx_scrolling&quot;:&quot;yes&quot;,&quot;background_motion_fx_translateY_effect&quot;:&quot;yes&quot;,&quot;background_motion_fx_translateY_speed&quot;:{&quot;unit&quot;:&quot;px&quot;,&quot;size&quot;:5.6,&quot;sizes&quot;:[]},&quot;background_motion_fx_translateY_affectedRange&quot;:{&quot;unit&quot;:&quot;%&quot;,&quot;size&quot;:&quot;&quot;,&quot;sizes&quot;:{&quot;start&quot;:0,&quot;end&quot;:53}},&quot;background_motion_fx_devices&quot;:[&quot;desktop&quot;,&quot;tablet&quot;,&quot;mobile&quot;]}">
		<div class="elementor-element elementor-element-468b82b1 e-con-full e-flex e-con e-child" data-id="468b82b1" data-element_type="container" data-e-type="container" data-settings="{&quot;background_background&quot;:&quot;gradient&quot;,&quot;position&quot;:&quot;absolute&quot;}">
				</div>
		<div class="elementor-element elementor-element-67d2603c e-flex e-con-boxed e-con e-child" data-id="67d2603c" data-element_type="container" data-e-type="container">
					<div class="e-con-inner">
				<div class="elementor-element elementor-element-40a58b56 elementor-widget__width-initial animated-slow elementor-invisible elementor-widget elementor-widget-text-editor" data-id="40a58b56" data-element_type="widget" data-e-type="widget" data-settings="{&quot;_animation&quot;:&quot;fadeIn&quot;}" data-widget_type="text-editor.default">
				<div class="elementor-widget-container">
									<p>O que é alienação parental?</p>								</div>
				</div>
					</div>
				</div>
				</div>
		<div class="elementor-element elementor-element-477cfce3 e-flex e-con-boxed e-con e-parent" data-id="477cfce3" data-element_type="container" data-e-type="container" data-settings="{&quot;background_background&quot;:&quot;classic&quot;}">
					<div class="e-con-inner">
				<div class="elementor-element elementor-element-e2620c0 elementor-widget__width-auto elementor-invisible elementor-widget elementor-widget-text-editor" data-id="e2620c0" data-element_type="widget" data-e-type="widget" data-settings="{&quot;_animation&quot;:&quot;fadeIn&quot;}" data-widget_type="text-editor.default">
				<div class="elementor-widget-container">
									<p>O que é Alienaçäo Parental</p>								</div>
				</div>
				<div class="elementor-element elementor-element-357162ec elementor-invisible elementor-widget elementor-widget-text-editor" data-id="357162ec" data-element_type="widget" data-e-type="widget" data-settings="{&quot;_animation&quot;:&quot;fadeIn&quot;}" data-widget_type="text-editor.default">
				<div class="elementor-widget-container">
									<p>No CEAP pretendemos sensibilizar para um fenómeno pouco conhecido da população em geral, que ocorre no contexto de conflitos familiares que envolvem a guarda dos filhos, denominado alienação parental. <strong>alienação parental</strong>.</p><p>É uma disfunção familiar que se caracteriza pela tentativa de um dos pais interromper o vínculo entre um filho e o outro genitor, utilizando diversas estratégias. Estas incluem a colonização psíquica da criança para desacreditar a imagem do pai ou da mãe que tentam excluir, através de táticas como:</p><ul><li>A implantação de memórias falsas ou distorcidas.</li><li>A indução de medos.</li><li>Promover sentimentos negativos injustificados em relação ao outro progenitor.</li></ul>								</div>
				</div>
				<div class="elementor-element elementor-element-e5d6fd8 elementor-widget__width-auto elementor-invisible elementor-widget elementor-widget-text-editor" data-id="e5d6fd8" data-element_type="widget" data-e-type="widget" data-settings="{&quot;_animation&quot;:&quot;fadeIn&quot;}" data-widget_type="text-editor.default">
				<div class="elementor-widget-container">
									Impacto na criança e na família								</div>
				</div>
				<div class="elementor-element elementor-element-476375a elementor-invisible elementor-widget elementor-widget-text-editor" data-id="476375a" data-element_type="widget" data-e-type="widget" data-settings="{&quot;_animation&quot;:&quot;fadeIn&quot;}" data-widget_type="text-editor.default">
				<div class="elementor-widget-container">
									<p class="translation-block">Esta situação tem consequências graves, não só para o progenitor que é excluído, mas especialmente para a criança, que sofre profundos danos emocionais. A ciência tem demonstrado que menores vítimas de alienação parental desenvolvem <strong>graves transtornos de personalidade</strong> que os acompanham ao longo da vida adulta.</p>								</div>
				</div>
				<div class="elementor-element elementor-element-8283b98 elementor-widget__width-auto elementor-invisible elementor-widget elementor-widget-text-editor" data-id="8283b98" data-element_type="widget" data-e-type="widget" data-settings="{&quot;_animation&quot;:&quot;fadeIn&quot;}" data-widget_type="text-editor.default">
				<div class="elementor-widget-container">
									<p>O papel da justiça</p>								</div>
				</div>
				<div class="elementor-element elementor-element-a525377 elementor-invisible elementor-widget elementor-widget-text-editor" data-id="a525377" data-element_type="widget" data-e-type="widget" data-settings="{&quot;_animation&quot;:&quot;fadeIn&quot;}" data-widget_type="text-editor.default">
				<div class="elementor-widget-container">
									<p>Muitas vezes, a má aplicação das leis contra a violência familiar e de género pode facilitar estas rupturas injustificadas do vínculo entre pais e filhos. Isto, ao invés de proteger a família, pode agravar a situação, consolidando um processo de alienação.</p>								</div>
				</div>
				<div class="elementor-element elementor-element-4257dfc elementor-widget__width-auto elementor-invisible elementor-widget elementor-widget-text-editor" data-id="4257dfc" data-element_type="widget" data-e-type="widget" data-settings="{&quot;_animation&quot;:&quot;fadeIn&quot;}" data-widget_type="text-editor.default">
				<div class="elementor-widget-container">
									<p>Alienação, diversidade de ideias e proteção das crianças</p>								</div>
				</div>
				<div class="elementor-element elementor-element-ea8bfee elementor-invisible elementor-widget elementor-widget-text-editor" data-id="ea8bfee" data-element_type="widget" data-e-type="widget" data-settings="{&quot;_animation&quot;:&quot;fadeIn&quot;}" data-widget_type="text-editor.default">
				<div class="elementor-widget-container">
									<p class="translation-block">No <strong>CEAP</strong> promovemos a divulgação da alienação parental e incentivamos um <strong>debate plural e enriquecedor</strong> que inclua todas as vozes, mesmo aquelas que questionam a sua base científica ou negam a sua existência.</p><p class="translation-block">Além da profunda dor vivida pelos pais que são impedidos de exercer o seu papel, a ciência tem demonstrado que as crianças, vítimas passivas de <strong>comportamentos alienantes</strong>, desenvolvem <strong>graves transtornos de personalidade</strong> que persistem ao longo da vida adulta.</p><p class="translation-block">Estamos convencidos de que a aquisição de consciência social sobre a gravidade do problema é um passo fundamental que não só ajudará a <strong>erradicar as práticas alienantes</strong>, mas também fortalecerá o sistema de <strong>proteção contra a violência familiar</strong>, proporcionando um sólido quadro de proteção às crianças vítimas. de qualquer forma de abuso.</p><p>Assumimos o dever de proteger as crianças, legitimando denúncias reais e combatendo denúncias falsas para evitar mal-entendidos que favoreçam a impunidade dos abusadores.</p>								</div>
				</div>
					</div>
				</div>
				</div>

<p>O que é Alienação Parental? O que é Alienação Parental? No CEAP, temos o objetivo de conscientizar a população em geral sobre um fenômeno pouco conhecido, que ocorre no contexto de conflitos familiares envolvendo a guarda dos filhos, chamado alienação parental. Trata-se de uma disfunção familiar que se caracteriza por [...]</p>
